ded by 20.
19
Calculate the remainder when 1278 is divided by 20.
18
What is the remainder when 900 is divided by 125?
25
What is the remainder when 292 is divided by 227?
65
What is the remainder when 83 is divided by 26?
5
Calculate the remainder when 62 is divided by 38.
24
Calculate the remainder when 262 is divided by 93.
76
Calculate the remainder when 8159 is divided by 102.
101
Calculate the remainder when 95 is divided by 53.
42
What is the remainder when 55 is divided by 15?
10
Calculate the remainder when 1503 is divided by 52.
47
What is the remainder when 1772 is divided by 852?
68
What is the remainder when 26 is divided by 16?
10
What is the remainder when 1225 is divided by 173?
14
What is the remainder when 1738 is divided by 84?
58
What is the remainder when 31 is divided by 28?
3
What is the remainder when 1667 is divided by 17?
1
Calculate the remainder when 47367 is divided by 101.
99
What is the remainder when 457 is divided by 26?
15
What is the remainder when 290 is divided by 27?
20
Calculate the remainder when 6116 is divided by 29.
26
Calculate the remainder when 49 is divided by 20.
9
What is the remainder when 2284 is divided by 13?
9
What is the remainder when 1148 is divided by 144?
140
Calculate the remainder when 313 is divided by 119.
75
What is the remainder when 247 is divided by 76?
19
Calculate the remainder when 170 is divided by 16.
10
What is the remainder when 8426 is divided by 14?
12
Calculate the remainder when 1489 is divided by 11.
4
Calculate the remainder when 938 is divided by 175.
63
What is the remainder when 290 is divided by 77?
59
Calculate the remainder when 2927 is divided by 24.
23
Calculate the remainder when 139 is divided by 14.
13
What is the remainder when 175 is divided by 94?
81
What is the remainder when 950 is divided by 331?
288
Calculate the remainder when 530 is divided by 19.
17
What is the remainder when 42 is divided by 39?
3
Calculate the remainder when 47 is divided by 4.
3
Calculate the remainder when 4793 is divided by 20.
13
Calculate the remainder when 442 is divided by 256.
186
What is the remainder when 242 is divided by 57?
14
Calculate the remainder when 1873 is divided by 145.
133
What is the remainder when 1082 is divided by 99?
92
Calculate the remainder when 42 is divided by 21.
0
Calculate the remainder when 2429 is divided by 26.
11
What is the remainder when 35 is divided by 19?
16
What is the remainder when 419 is divided by 21?
20
Calculate the remainder when 31348 is divided by 285.
283
What is the remainder when 557 is divided by 13?
11
Calculate the remainder when 220 is divided by 198.
22
What is the remainder when 184 is divided by 24?
16
What is the remainder when 215 is divided by 22?
17
Calculate the remainder when 45 is divided by 15.
0
What is the remainder when 118 is divided by 15?
13
Calculate the remainder when 690 is divided by 116.
110
Calculate the remainder when 78 is divided by 19.
2
What is the remainder when 249 is divided by 43?
34
Calculate the remainder when 1859 is divided by 463.
7
Calculate the remainder when 86 is divided by 45.
41
Calculate the remainder when 178 is divided by 29.
4
What is the remainder when 550 is divided by 310?
240
Calculate the remainder when 45 is divided by 28.
17
What is the remainder when 156615 is divided by 22?
19
Calculate the remainder when 849 is divided by 26.
17
What is the remainder when 2561 is divided by 15?
11
What is the remainder when 52 is divided by 39?
13
Calculate the remainder when 87 is divided by 22.
21
What is the remainder when 453 is divided by 174?
105
What is the remainder when 566 is divided by 193?
180
What is the remainder when 246 is divided by 31?
29
What is the remainder when 467 is divided by 12?
11
What is the remainder when 76 is divided by 22?
10
Calculate the remainder when 194 is divided by 50.
44
Calculate the remainder when 164 is divided by 4.
0
What is the remainder when 162 is divided by 56?
50
What is the remainder when 2854 is divided by 68?
66
Calculate the remainder when 28 is divided by 4.
0
Calculate the remainder when 8739 is divided by 92.
91
Calculate the remainder when 307 is divided by 48.
19
Calculate the remainder when 71 is divided by 6.
5
Calculate the remainder when 993 is divided by 71.
70
Calculate the remainder when 6322 is divided by 124.
122
Calculate the remainder when 95 is divided by 8.
7
Calculate the remainder when 147 is divided by 10.
7
Calculate the remainder when 37 is divided by 19.
18
Calculate the remainder when 48 is divided by 16.
0
Calculate the remainder when 29 is divided by 15.
14
Calculate the remainder when 286 is divided by 42.
34
Calculate the remainder when 396 is divided by 68.
56
Calculate the remainder when 92 is divided by 72.
20
Calculate the remainder when 176 is divided by 48.
32
What is the remainder when 318 is divided by 40?
38
What is the remainder when 199 is divided by 26?
17
Calculate the remainder when 1479 is divided by 364.
23
Calculate the remainder when 567 is divided by 57.
54
Calculate the remainder when 316 is divided by 2.
0
What is the remainder when 527 is divided by 520?
7
What is the remainder when 65 is divided by 19?
8
What is the remainder when 244 is divided by 125?
119
Calculate the remainder when 844 is divided by 171.
160
Calculate the remainder when 4852 is divided by 12.
4
What is the remainder when 1155 is divided by 12?
3
What is the remainder when 102 is divided by 43?
16
Calculate the remainder when 913 is divided by 291.
40
What is the remainder when 892 is divided by 430?
32
What is the remainder when 675 is divided by 350?
325
What is the remainder when 404 is divided by 54?
26
Calculate the remainder when 378 is divided by 33.
15
What is the remainder when 536 is divided by 29?
14
Calculate the remainder when 45 is divided by 9.
0
Calculate the remainder when 1550 is divided by 16.
14
What is the remainder when 105 is divided by 28?
21
Calculate the remainder when 604 is divided by 14.
2
What is the remainder when 1861 is divided by 110?
101
What is the remainder when 842 is divided by 94?
90
What is the remainder when 173 is divided by 58?
57
Calculate the remainder when 34 is divided by 29.
5
Calculate the remainder when 175 is divided by 30.
25
Calculate the remainder when 3918 is divided by 122.
14
What is the remainder when 663 is divided by 34?
17
What is the remainder when 676 is divided by 34?
30
What is the remainder when 308 is divided by 11?
0
Calculate the remainder when 845 is divided by 94.
93
What is the remainder when 402 is divided by 340?
62
What is the remainder when 209 is divided by 18?
11
What is the remainder when 181 is divided by 16?
5
Calculate the remainder when 7631 is divided by 2540.
11
What is the remainder when 1238 is divided by 615?
8
Calculate the remainder when 193 is divided by 39.
37
What is the remainder when 1001 is divided by 46?
35
What is the remainder when 422 is divided by 53?
51
What is the remainder when 148 is divided by 10?
8
Calculate the remainder when 87 is divided by 33.
21
What is the remainder when 210 is divided by 110?
100
What is the remainder when 542 is divided by 263?
16
What is the remainder when 61329 is divided by 19?
16
What is the remainder when 1468 is divided by 164?
156
Calculate the remainder when 667 is divided by 48.
43
What is the remainder when 1829 is divided by 1819?
10
What is the remainder when 1007 is divided by 12?
11
What is the remainder when 938 is divided by 20?
18
Calculate the remainder when 119 is divided by 12.
11
What is the remainder when 807 is divided by 382?
43
Calculate the remainder when 1023 is divided by 13.
9
What is the remainder when 815 is divided by 7?
3
What is the remainder when 1299 is divided by 11?
1
Calculate the remainder when 2893 is divided by 22.
11
Calculate the remainder when 137 is divided by 17.
1
Calculate the remainder when 1664 is divided by 92.
8
What is the remainder when 17 is divided by 11?
6
Calculate the remainder when 2209 is divided by 74.
63
Calculate the remainder when 16829 is divided by 187.
186
What is the remainder when 573 is divided by 4?
1
Calculate the remainder when 165 is divided by 28.
25
Calculate the remainder when 232 is divid